
74647562
In base 14, what is 483 + -dd30?
-d88b
In base 2, what is -110001100001111 + 1000000000000?
-101001100001111
In base 13, what is 550c29 + -4?
550c25
In base 8, what is -1573260 + -671?
-1574151
In base 15, what is -19ea0b + -e?
-19ea1a
In base 3, what is -2111010222 + -1101000?
-2112111222
In base 15, what is -1223 + d23?
-400
In base 5, what is -1341 + 230332?
223441
In base 15, what is 2a - 12b1d5?
-12b1aa
In base 5, what is -44310030 - 242?
-44310322
In base 10, what is -378458052 - -5?
-378458047
In base 13, what is -5 + -79c1a?
-79c22
In base 15, what is -8e1 + 47d?
-463
In base 11, what is 2a07 - -9497?
113a3
In base 8, what is -72 + 2011777?
2011705
In base 6, what is -5032034 + 32?
-5032002
In base 2, what is -10 + 110011010001000001001?
110011010001000000111
In base 14, what is -6856924 + -5?
-6856929
In base 3, what is 12122 + 2122001210?
2122021102
In base 12, what is 9a1 + -2183?
-13a2
In base 6, what is 1 - 12223105?
-12223104
In base 4, what is 11013301 + -21232?
10332003
In base 8, what is -22 - -1273707?
1273665
In base 11, what is -552733 - -17?
-552717
In base 16, what is -20a - -557f?
5375
In base 2, what is 101 - -11000010001111011101100010?
11000010001111011101100111
In base 10, what is 2 - 4429372?
-4429370
In base 4, what is 13102223122200 - 10?
13102223122130
In base 16, what is -474 + c03e?
bbca
In base 5, what is 21133 + 342132?
413320
In base 15, what is 5671b2 + b?
5671bd
In base 11, what is -20610 - -315?
-202a6
In base 13, what is 18 + 1a2a624?
1a2a63c
In base 6, what is -2011333 - 52?
-2011425
In base 6, what is 21101452 + 1224?
21103120
In base 4, what is -101300212112 + -3?
-101300212121
In base 14, what is -1880cb5 - 1?
-1880cb6
In base 4, what is 10102221132103 - 3?
10102221132100
In base 11, what is 8 + 70a143?
70a150
In base 16, what is -8454 - 15?
-8469
In base 4, what is 1313 + 23211230?
23213203
In base 12, what is 435 - -5a4292?
5a4707
In base 9, what is 1886 + 2440?
4436
In base 16, what is 48aa714 - 8?
48aa70c
In base 12, what is -169a - -626b?
4791
In base 16, what is -3b2 - 10e90?
-11242
In base 11, what is 16 - -91412?
91428
In base 15, what is 3 + 3cb824?
3cb827
In base 13, what is 30a134 - 11?
30a123
In base 5, what is -41334324 - -2133?
-41332141
In base 10, what is -1143202 - 1?
-1143203
In base 14, what is -6 - 6c1c9?
-6c1d1
In base 3, what is 0 + -102012021222000120?
-102012021222000120
In base 9, what is 60067 - -4267?
64345
In base 6, what is -244542 + 5114?
-235424
In base 8, what is 213 + 14610?
15023
In base 15, what is 254 + -70ce?
-6d7a
In base 7, what is 0 + -363020515?
-363020515
In base 4, what is -31210232 - -222132?
-30322100
In base 3, what is -1001101011 - 10211000?
-1012012011
In base 12, what is -8 - 140735b?
-1407367
In base 10, what is 27 - -13179?
13206
In base 12, what is -17 + -811b5?
-81210
In base 9, what is 36 + -3347823?
-3347776
In base 7, what is -5 - 2641106231?
-2641106236
In base 13, what is 1 + -214699?
-214698
In base 4, what is -103303323112111 - -3?
-103303323112102
In base 10, what is -1362 + -28413?
-29775
In base 3, what is 2202020111220222 - -11?
2202020111221010
In base 4, what is 11021211032 - -1201?
11021212233
In base 9, what is -322164485 + 4?
-322164481
In base 6, what is 5 - 14325210032?
-14325210023
In base 9, what is 157 - 13538?
-13371
In base 11, what is 1299 + 4034?
5322
In base 7, what is -2035566 + -253?
-2036152
In base 13, what is 31127 + 12b?
31255
In base 5, what is -11322 + -11132032?
-11143404
In base 5, what is -141204302444 - -3?
-141204302441
In base 15, what is -c334ed + 5?
-c334e8
In base 8, what is 3030 - -3331?
6361
In base 2, what is 100011 - 110100101101110?
-110100101001011
In base 12, what is -7474a8 + b8?
-7473b0
In base 5, what is 12 - 3130020210?
-3130020143
In base 16, what is -5 - 8d7c88?
-8d7c8d
In base 6, what is -302422440142 + 5?
-302422440133
In base 11, what is 6618225 + -5?
6618220
In base 14, what is -1b + 286c50?
286c33
In base 10, what is 266 + 212091?
212357
In base 16, what is -5167b2 - -7?
-5167ab
In base 13, what is -5 - -5370677?
5370672
In base 14, what is -1 + -15d6c?
-15d6d
In base 8, what is -377674 + -13?
-377707
In base 10, what is -22645 - 460?
-23105
In base 10, what is -5093243 + -7?
-5093250
In base 5, what is 42142332412 + 0?
42142332412
In base 8, what is -2125557 + 0?
-2125557
In base 7, what is -261 + -6660644?
-6661235
In base 12, what is -261537 + -69?
-2615a4
In base 16, what is -2ec + 8d98?
8aac
In base 15, what is 58cd + 22d?
5b0b
In base 2, what is -1000100001 + -10111100001010?
-11000100101011
In base 14, what is -2d - -1663a73?
1663a44
In base 9, what is 25 + 8112831?
8112856
In base 6, what is -2335 - -122524515?
122522140
In base 3, what is 11 - -111102200102221?
111102200110002
In base 13, what is 373 - -6452?
67c5
In base 6, what is -110032 + 153352?
43320
In base 12, what is 572827b - 5?
5728276
In base 11, what is 4 - -895090?
895094
In base 4, what is 3 - -20002201233?
20002201302
In base 6, what is -20404 + 131453?
111045
In base 4, what is 10133112220203 + -12?
10133112220131
In base 11, what is 5250 - 613a?
-99a
In base 2, what is -10011001011 + -1010101101000111?
-1011000000010010
In base 6, what is 1 + -1005552212?
-1005552211
In base 10, what is 4 - -1820636?
1820640
In base 10, what is -5 - 444384?
-444389
In base 4, what is 1330033320 - -11111?
1330111031
In base 10, what is 469310 - 91?
469219
In base 12, what is -34960 - -56?
-34906
In base 10, what is -203098000 - 1?
-203098001
In base 14, what is -2c5b1 - 2?
-2c5b3
In base 8, what is -65735641 + 3?
-65735636
In base 12, what is 595393 - 1?
595392
In base 12, what is -4 + -14860688?
-14860690
In base 9, what is 5327 + -48300?
-42862
In base 6, what is 523135 + 211?
523350
In base 13, what is 5 - 2414a206?
-2414a201
In base 2, what is 101 + -1001001010101110100001?
-1001001010101110011100
In base 2, what is -11110000101011111000111 + 100?
-11110000101011111000011
In base 8, what is -4651635724 - -5?
-4651635717
In base 8, what is -3 - 1355070314?
-1355070317
In base 13, what is -22a984b + 8?
-22a9843
In base 15, what is 255e - -1547?
3aa6
In base 9, what is -63 - -433735?
433662
In base 4, what is -2 + 13112130303?
13112130301
In base 4, what is -322 - -3223031203?
3223030221
In base 7, what is -5 - 10512342?
-10512350
In base 12, what is 1a067390 + 2?
1a067392
In base 10, what is -119 + -17145584?
-17145703
In base 6, what is 254142003 - 0?
254142003
In base 9, what is -66285 - 1200?
-67485
In base 10, what is 359154 + -111?
359043
In base 2, what is -11101011100101 - 1001111101101101?
-1101101001010010
In base 3, what is -2 - 1020120120220110?
-1020120120220112
In base 6, what is -104355042540 - -5?
-104355042531
In base 16, what is -1fee - -ea9?
-1145
In base 10, what is 2 + 37430106?
37430108
In base 3, what is 22222210000100011 + 2?
22222210000100020
In base 3, what is 110121 + 10121101201010?
10121102011201
In base 6, what is 3 - -30554300?
30554303
In base 7, what is 44554503 + 2?
44554505
In base 13, what is -10351789 + 2?
-10351787
In base 9, what is -5 + -45621137?
-45621143
In base 11, what is -21701a940 + 5?
-21701a936
In base 15, what is -2d5a + -93a4?
-c20e
In base 5, what is -11132 + 1421044?
1404412
In base 5, what is -332 - 1023203?
-1024040
In base 6, what is 44 + 235431230?
235431314
In base 13, what is -4 - -9313a58?
9313a54
In base 5, what is -2 + 11120121?
11120114
In base 5, what is 223123430343 + -2?
223123430341
In base 13, what is -8251c858 - 1?
-8251c859
In base 6, what is 341002 + -524?
340034
In base 16, what is 39b6 - -10b?
3ac1
In base 16, what is -27679e - d4?
-276872
In base 3, what is -21102202 - -2100022?
-12002110
In base 8, what is -3 - 5710000?
-5710003
In base 10, what is 50378942 - -1?
50378943
In base 14, what is 1 + 9155630?
9155631
In base 12, what is 2639 + 2ab?
2928
In base 4, what is 31233023233 - -3?
31233023302
In base 15, what is -8 - -c88e?
c886
In base 16, what is 32f + 1181?
14b0
In base 2, what is -100 - -10011011010110010101010?
10011011010110010100110
In base 3, what is -11 - -110020102111020?
110020102111002
In base 5, what is -4202441014 - 4?
-4202441023
In base 6, what is 113450513 - 1033?
113445440
In base 16, what is 21f574b - -3?
21f574e
In b